6. What is the remainder when q is divided by 10?
9
What is the remainder when 2353 is divided by (1056/484)/(12/99)?
13
Let l = 260 + -239. Let t(b) = b**2 + 6*b - 13. What is the remainder when t(6) is divided by l?
17
Let l = 39 + -2. Let m(w) = -226*w + 2. Let z be m(-6). Suppose 12*b - z = -494. Calculate the remainder when b is divided by l.
35
Let i = -67 + 72. Let x be 1/((-5)/i) + 6. Suppose x*u + 1 = 4*o, 0*o = -3*u + 2*o + 1. Calculate the remainder when 6 is divided by u.
0
Let u be -1 + (-4 - -2) + 85 + 5. Let n = -38 + u. What is the remainder when 195 is divided by n?
48
Suppose 5 + 9 = 7*j. Suppose -5*u - 69 = -4*h, 4*h = 2*u + j*u + 72. Suppose -23 = -q + 31. What is the remainder when q is divided by h?
12
Let o(l) = -411*l**3 + 3*l**2 + l - 1. What is the remainder when o(-1) is divided by 18?
16
Let n(f) = f**3 - 16*f**2 + 34*f - 14. Let k = -266 + 280. Calculate the remainder when n(k) is divided by 15.
10
Suppose 3*l - 18 = -o + 20, 2*o - 78 = -5*l. Let a be ((-7)/((-14)/8))/(-2). What is the remainder when o is divided by (34/4 + -2)/((-1)/a)?
5
Let i(j) = -j**2 - j + 47. Let s = -752 - -214. Let w = -521 - s. Calculate the remainder when i(0) is divided by w.
13
Suppose 352 = 7*f - 628. Calculate the remainder when 412 is divided by f.
132
What is the remainder when 120 is divided by ((-6528)/(-16))/6 + -2?
54
Suppose 0*k = 2*k - 16. Let o = -104 - -121. Suppose o*h - 7*h - 620 = 0. Calculate the remainder when h is divided by k.
6
Suppose 0*i = d - i - 211, 4*d = -2*i + 826. Let b = 32429 - 32376. What is the remainder when d is divided by b?
49
Suppose -375 = l - 20. Let d = 210 + l. Let r = -103 - d. What is the remainder when 291 is divided by r?
39
Let m be 2*(63/(-14) + 4). Calculate the remainder when m/((-892)/148 - -6) is divided by 12.
1
Suppose -7*o + 1675 = 60*o. What is the remainder when 582 is divided by o?
7
Let i(a) = -a**2 - 9*a + 2. Let y = 490 + -302. Suppose 3*s - 2*s + 253 = 4*c, s - y = -3*c. Calculate the remainder when c is divided by i(-7).
15
Calculate the remainder when 5 - (-470 + (-14 - 0)) is divided by 98.
97
Let u(s) = -s**3 + 19*s**2 + s - 2. Let y = -1080 + 1099. Suppose -4*h + 301 = -235. What is the remainder when h is divided by u(y)?
15
Let p(f) = f**3 + 10*f**2 - 17*f - 232. Let s(m) = m**3 - 8*m**2 + 8*m + 23. Let a be s(4). What is the remainder when 2/7 - (-267)/21 is divided by p(a)?
1
Let u = 11610 - 11172. Calculate the remainder when u is divided by 51.
30
Let o(z) = 212*z + 1277. Calculate the remainder when 9 is divided by o(-6).
4
Suppose -4*n = 5*y - 183, -4*n + 9*y - 4*y + 153 = 0. Let u = -112 + 268. What is the remainder when u is divided by n?
30
Let d = 561 + -544. Suppose -3*t = -0*t + 5*o - 94, 5*t - 3*o - 168 = 0. Calculate the remainder when t is divided by d.
16
Suppose 3*c - 1014 = -3*h, 4*h - 14*c - 1334 = -15*c. What is the remainder when 6969 is divided by h?
329
Suppose 252 = -81*i + 99*i. Let j be (-282)/7 - 2/(-7). What is the remainder when 16/j*(1 - 236) is divided by i?
10
Let k(c) = -3*c**3 + 2*c**2 + 9*c + 8. Let v be k(-1). Suppose 5*d = p - 74, -v*p - 2*d = 3*d - 271. Calculate the remainder when p is divided by 37.
32
Let x = -5764 - -5799. Calculate the remainder when 82 is divided by x.
12
Let v(x) = x**3 - x**2 + 16*x + 6. Let n be v(-7). Let y = -466 - n. What is the remainder when y is divided by 5?
2
Let j be (-3 + -1)*(-4 + 2). Suppose 6*h = 4*a + j*h - 132, 4*a - 4*h - 120 = 0. What is the remainder when 283 is divided by a?
27
What is the remainder when 507/1521 - (7526/6)/(-1)*11 is divided by 150?
148
Suppose 0 = 3*i + 18, 68*i = 2*a + 65*i - 84. Calculate the remainder when 190 is divided by a.
25
Suppose 5*i = 196*y - 198*y + 1198, -4*y = -i + 222. What is the remainder when i is divided by 96?
46
Let v = 109 - 91. Let m = 18 - -394. Calculate the remainder when m is divided by v.
16
Let w = 893 + -869. Calculate the remainder when (4 - 6)/(2/52*-1) is divided by w.
4
Let f(q) = -116*q**3 + 4*q**2 + q - 2. Calculate the remainder when 609 is divided by f(-1).
24
Suppose 0 = -9*x + 3181 - 553. Let b(n) = n**2 + 14*n - 2. What is the remainder when x is divided by b(-17)?
47
Let d be 104 + (-2 - (0 + -4 + 3)). What is the remainder when d - 1/(5/(-15)) is divided by 14?
8
Let m be (2 - 0/(-4)) + 0. Suppose -p - 5*s + 118 = m*p, 2*p - 84 = -2*s. Calculate the remainder when p is divided by -2*(4 - 0)*-2.
14
Let i = 218 - 88. Suppose -i = 69*u - 74*u. What is the remainder when 257 is divided by u?
23
Let v be ((-6)/(-4))/(4*4/32). Suppose 2*j + w = 13, 4*j - 5*w - 38 = -v*w. Calculate the remainder when 15 is divided by 2/8*-1 - (-50)/j.
3
Suppose 33*u - 39154 = 1389 + 45026. Calculate the remainder when u is divided by 22.
19
Suppose -4*q = 3*c - c - 22, 4*c - 14 = 2*q. Calculate the remainder when 44 is divided by (-192)/(-15) - (q - 48/15).
5
Let j(n) = 3*n**2 - 111*n - 271. Calculate the remainder when j(41) is divided by 107.
7
Let g = -1017 - -1017. Suppose g = -51*u + 57*u - 300. What is the remainder when u is divided by 29?
21
Suppose 0 = -4*l + l + 2580. Let y = 590 + -592. What is the remainder when 85 is divided by (l/80)/(y*(-1)/8)?
42
Let v(x) = 5*x - 14. Suppose 4*k - 339 - 717 = 0. Suppose 5*d - 299 = -k. Calculate the remainder when v(6) is divided by d.
2
Let y(q) = 12*q**2 - 596*q + 4747. Calculate the remainder when y(8) is divided by 10.
7
Calculate the remainder when 769 is divided by 932/5 + 8 - (-16)/(-40).
187
Let a = -40 - -70. Let q be (-4)/a - 1379/(-105). Suppose q - 9 = n. Calculate the remainder when 25 is divided by n.
1
Let c = 6449 - 4100. Calculate the remainder when c is divided by 13.
9
Let u(q) = q**2 - q - 4. Let l be u(3). Suppose -25*b + 52 = b. Suppose -i + 22 = n + l*i, -5*i - 11 = -b*n. What is the remainder when 49 is divided by n?
10
Suppose -6*j = -5*j - 2*h - 24, 96 = 4*j - 4*h. Calculate the remainder when 2470 is divided by j.
22
Suppose -26*c - 12 = -29*c. Suppose 2*r - 1 = -z + 4, -c*r = -3*z - 15. Calculate the remainder when 67 is divided by r.
1
Let z be (-398)/(-8) + (-9)/12. Suppose 4*a = v + z, 5*a - 30 = -v - 4*v. What is the remainder when 40 is divided by a?
7
Suppose -5*v + 35 = 5*o, 5*v + o = 4*o + 19. Suppose v = t - 6*t. What is the remainder when 38 is divided by (t - (-13)/5)*(5 - 0)?
6
Suppose 9*u - 5 = 8*u. Suppose -4*y + 3*p - 30 = -u*y, 2*p = -3*y + 55. Let a = 26 - y. Calculate the remainder when 30 is divided by a.
8
Suppose -7*f - 51 + 308 = -849. Calculate the remainder when 6002 is divided by f.
156
Let o be 2*(11/2 - -3). Let f(i) be the first derivative of -i**2/2 + 21*i - 40. What is the remainder when 9 is divided by f(o)?
1
Let z(k) = 127*k - 3. Suppose -4*w + 220 = 4*o, -5*w = 4*o - 241 - 43. What is the remainder when z(3) is divided by w?
58
Suppose -20*n + 34060 = 6*n. What is the remainder when n is divided by 39?
23
Let a(c) = -76*c + 924. Let l(z) = -z**3 - 2*z**2 + 10*z + 1. What is the remainder when l(-5) is divided by a(12)?
2
Suppose -2*c + 20 = -7*c, -1128 = -s + 2*c. Suppose s = -b - 2*q - 1836, b = q - 2947. Calculate the remainder when b/(-30) - 4/(-6) is divided by 25.
24
Let n = -788 - -831. Let l(q) = 50*q**3 + q**2 - q. Let d be l(1). Let s = -28 + d. Calculate the remainder when n is divided by s.
21
Let v be (-1)/(-4) + 2/(-8). Let p(h) = 4*h + 3. Let j(u) = -5*u - 5. Let l(b) = -6*j(b) - 7*p(b). Calculate the remainder when 35 is divided by l(v).
8
Suppose -2*y + 525 = 3*t - 0*t, -y - 2*t + 260 = 0. Suppose 5*w - y = 560. Calculate the remainder when w is divided by 42.
40
Suppose -4 = -3*a + 4*q, -a + 6*a + 3*q = 55. Let u = -24 - 47. Let f = u - -110. Calculate the remainder when f is divided by a.
7
Let c = 10373 + -10307. What is the remainder when 6203 is divided by c?
65
Suppose 19*i - 10224 = -29*i. Calculate the remainder when i is divided by 71.
0
Suppose 560 = 6*r + 2*r. What is the remainder when 2/(-3)*(-6615)/r is divided by 27?
9
Let f = -3230 - -3254. Calculate the remainder when 491 is divided by f.
11
Let y = 2 + 2. Suppose -9 = y*j - 9. Suppose -5*q - 25 = 0, j = -3*l + 4*q + 4 + 28. What is the remainder when 12 is divided by l?
0
Let y be (4158/48)/11 + (-2)/(-16). Suppose u + y = 63. What is the remainder wh